n thousands digit of 23062402?
6
What is the tens digit of 266197?
9
What is the thousands digit of 412032?
2
What is the hundred thousands digit of 8791987?
7
What is the tens digit of 181792?
9
What is the ten thousands digit of 4192474?
9
What is the hundred thousands digit of 3513125?
5
What is the thousands digit of 308980?
8
What is the hundreds digit of 3503764?
7
What is the thousands digit of 386957?
6
What is the hundreds digit of 7357337?
3
What is the units digit of 1664740?
0
What is the hundred thousands digit of 17511636?
5
What is the hundred thousands digit of 17297353?
2
What is the units digit of 3868220?
0
What is the units digit of 72681?
1
What is the ten thousands digit of 137980?
3
What is the tens digit of 13780714?
1
What is the thousands digit of 5042153?
2
What is the thousands digit of 319503?
9
What is the hundreds digit of 954513?
5
What is the thousands digit of 484896?
4
What is the tens digit of 194195?
9
What is the units digit of 784761?
1
What is the tens digit of 13329825?
2
What is the thousands digit of 8867987?
7
What is the hundred thousands digit of 7663748?
6
What is the hundreds digit of 1434236?
2
What is the thousands digit of 164759?
4
What is the millions digit of 4866081?
4
What is the thousands digit of 1604677?
4
What is the hundreds digit of 16509711?
7
What is the hundreds digit of 1220256?
2
What is the thousands digit of 7178986?
8
What is the units digit of 349372?
2
What is the hundreds digit of 9909?
9
What is the millions digit of 2870697?
2
What is the thousands digit of 1120573?
0
What is the millions digit of 1471762?
1
What is the thousands digit of 362216?
2
What is the millions digit of 2337523?
2
What is the tens digit of 9391969?
6
What is the units digit of 383111?
1
What is the thousands digit of 169251?
9
What is the millions digit of 16222041?
6
What is the units digit of 924253?
3
What is the ten millions digit of 26039720?
2
What is the hundreds digit of 1086335?
3
What is the thousands digit of 445108?
5
What is the ten millions digit of 13037602?
1
What is the hundreds digit of 623254?
2
What is the hundreds digit of 1596210?
2
What is the tens digit of 5096513?
1
What is the tens digit of 4380?
8
What is the hundreds digit of 645854?
8
What is the units digit of 60953?
3
What is the hundreds digit of 1093889?
8
What is the units digit of 49713?
3
What is the tens digit of 2290371?
7
What is the ten millions digit of 11698642?
1
What is the millions digit of 5814014?
5
What is the thousands digit of 266803?
6
What is the hundreds digit of 40151043?
0
What is the ten thousands digit of 11867967?
6
What is the ten thousands digit of 147757?
4
What is the hundred thousands digit of 1427322?
4
What is the tens digit of 3401318?
1
What is the thousands digit of 390587?
0
What is the tens digit of 18705986?
8
What is the hundred thousands digit of 2222984?
2
What is the hundred thousands digit of 340965?
3
What is the hundreds digit of 624876?
8
What is the thousands digit of 14240222?
0
What is the hundreds digit of 464477?
4
What is the thousands digit of 2719437?
9
What is the hundred thousands digit of 2694224?
6
What is the tens digit of 1313046?
4
What is the thousands digit of 19906027?
6
What is the hundreds digit of 285896?
8
What is the millions digit of 3082217?
3
What is the hundred thousands digit of 25827611?
8
What is the hundreds digit of 687637?
6
What is the tens digit of 476693?
9
What is the units digit of 729341?
1
What is the tens digit of 1575082?
8
What is the thousands digit of 2155947?
5
What is the hundreds digit of 3851955?
9
What is the units digit of 4928661?
1
What is the hundred thousands digit of 1173514?
1
What is the tens digit of 31817658?
5
What is the thousands digit of 4209105?
9
What is the units digit of 341872?
2
What is the hundred thousands digit of 400304?
4
What is the hundred thousands digit of 1879269?
8
What is the thousands digit of 821219?
1
What is the units digit of 257997?
7
What is the units digit of 623932?
2
What is the millions digit of 5134181?
5
What is the thousands digit of 100465?
0
What is the hundreds digit of 3818055?
0
What is the ten thousands digit of 5931446?
3
What is the units digit of 394215?
5
What is the tens digit of 3037626?
2
What is the units digit of 1580251?
1
What is the units digit of 93783?
3
What is the millions digit of 5313704?
5
What is the millions digit of 2184362?
2
What is the ten thousands digit of 1150814?
5
What is the tens digit of 105415?
1
What is the ten millions digit of 32551518?
3
What is the tens digit of 364717?
1
What is the hundred thousands digit of 4935462?
9
What is the hundred thousands digit of 2213411?
2
What is the units digit of 1568365?
5
What is the hundred thousands digit of 1279776?
2
What is the thousands digit of 3400821?
0
What is the tens digit of 6367544?
4
What is the hundreds digit of 5580475?
4
What is the units digit of 1205564?
4
What is the units digit of 125806?
6
What is the hundred thousands digit of 707531?
7
What is the thousands digit of 3472018?
2
What is the hundred thousands digit of 4158870?
1
What is the hundred thousands digit of 9130360?
1
What is the thousands digit of 1185773?
5
What is the tens digit of 941823?
2
What is the units digit of 10697492?
2
What is the thousands digit of 26000572?
0
What is the millions digit of 10591380?
0
What is the units digit of 621075?
5
What is the tens digit of 9462649?
4
What is the hundreds digit of 561072?
0
What is the tens digit of 6478386?
8
What is the hundreds digit of 104976?
9
What is the thousands digit of 2396453?
6
What is the hundreds digit of 20250549?
5
What is the ten thousands digit of 358651?
5
What is the ten thousands digit of 96748?
9
What is the hundreds digit of 1238218?
2
What is the hundreds digit of 1076342?
3
What is the tens digit of 448886?
8
What is the ten thousands digit of 473571?
7
What is the ten thousands digit of 637718?
3
What is the hundred thousands digit of 19939234?
9
What is the thousands digit of 2868028?
8
What is the tens digit of 177709?
0
What is the ten thousands digit of 430286?
3
What is the ten thousands digit of 2821678?
2
What is the millions digit of 8315318?
8
What is the millions digit of 1648341?
1
What is the units digit of 41770020?
0
What is the ten thousands digit of 1023622?
2
What is the units digit of 3132916?
6
What is the tens digit of 2166296?
9
What is the units digit of 1210722?
2
What is the ten thousands digit of 145387?
4
What is the units digit of 7568014?
4
What is the ten thousands digit of 1915648?
1
What is the thousands digit of 2449507?
9
What is the units digit of 5242282?
2
What is the hundreds digit of 13732143?
1
What is the units digit of 252146?
6
What is the thousands digit of 2828575?
8
What is the hundreds digit of 11071146?
1
What is the hundreds digit of 11118439?
4
What is the ten thousands digit of 1527096?
2
What is the hundreds digit of 26503?
5
What is the tens digit of 3868585?
8
What is the hundreds digit of 3379017?
0
What is the tens digit of 431002?
0
What is the tens digit of 1465215?
1
What is the tens digit of 223981?
8
What is the tens digit of 396147?
4
What is the thousands digit of 20010?
0
What is the hundred thousands digit of 765838?
7
What is the tens digit of 3031212?
1
What is the hundreds digit of 204941?
9
What is the units digit of 433482?
2
What is the hundreds digit of 638797?
7
What is the thousands digit of 701223?
1
What is the hundreds digit of 16631340?
3
What is the hundreds digit of 306324?
3
What is the units digit of 2802571?
1
What is the tens digit of 3908743?
4
What is the thousands digit of 1690078?
0
What is the millions digit of 38749373?
8
What is the hundred thousands digit of 2797058?
7
What is the thousands digit of 5023360?
3
What is the ten thousands digit of 171009?
7
What is the units digit of 13354701?
1
What is the tens digit of 19086926?
2
What is the units digit of 10552219?
9
What is the thousands digit of 3352567?
2
What is the ten thousands digit of 83680?
8
What is the millions digit of 6244978?
6
What is the units digit of 10251161?
1
What is the units digit of 331728?
8
What is the units digit of 2554886?
6
What is the hundred thousands digit